is the value of -40 - ((-1 - 2) + 51 + 22 + -67)?
-43
130 - 77 - (8 - (34 + -10))
69
What is the value of -10 - (-1 + 2) - -28 - 89 - -10?
-62
Evaluate -18 + -7 + -10 - (-13 + (18 - -3)).
-43
Calculate (-6 - (5 + 2)) + (-28 + 6 - -77).
42
What is 5 + -17 - (-43 + -11 + 13 + -2)?
31
What is 7 + (-8 - (-2 - 17)) - 27?
-9
Calculate -21 + 2 + (-1 - (23 + -24)).
-19
What is -295 + 276 + (0 - -12) - (-15 + 8)?
0
Evaluate (-9 - (-1 - (0 + 2) - (-339 + 341))) + -28.
-32
(-10 - -40 - 60 - -49) + 64
83
Calculate (-25 - (36 + 60)) + (-3 - -20).
-104
-15 + (-29 + 67 + -33 - (61 - 1))
-70
What is the value of (5 - 10) + 13 - (-158 - -129)?
37
Calculate (-2 - -1) + (-18 - (-39 + 10)) + -41 + 5.
-26
What is (4 + -4 - 15) + (-18 - 3) + 1 + 22?
-13
-351 + 401 - (10 + 12)
28
(-1 - 0) + (-18 - (56 + -14 + -4))
-57
What is the value of (0 + -2 - -22 - (38 - 32)) + -8 - -4?
10
-144 + 0 - (-7169 + 7049)
-24
-366 + 369 + (0 - 43)
-40
Evaluate 0 - (1 + -87) - (-3264 + 3301).
49
Calculate 2 + 0 + (-25 - (-13 - (-14 - -2))).
-22
What is the value of 0 + (5 - 127) + -66 + 50 + 30?
-108
What is 136 - (-4 - (12 + 6) - -4 - -14)?
140
19 + -21 + (-9 - (10 - 8))
-13
Evaluate (0 - -44) + (2 + 0 - 11).
35
What is the value of -22 + (22 - 1) + (-11 - (-5 - (-7 + 3)))?
-11
Evaluate -26 - (81 - (146 + -63) - (-1 - (-1 - -2))).
-26
Evaluate -4 - (-42 - 3) - (-1307 - -1398).
-50
-76 + -1 + -59 + (58 - -15)
-63
Calculate -3 - -109 - (866 - 713).
-47
Evaluate -29 + -1 + (1 - (9 - -2)).
-40
Evaluate 5 + -9 + (-85 + 37 - -37).
-15
1788 - 1879 - (1 + -130)
38
4 + (-61 - (6 + -2 - -4 - 13))
-52
(65 - -28 - 77) + 43
59
What is (37 - 0) + -7 - 4 - (12 - 18)?
32
Calculate (-63 - (30 - 131)) + 38.
76
What is the value of -27 + (24 - 12) + 20 + 29 + 3 + 0?
37
What is the value of 50 - (131 + -212 - -76)?
55
Calculate -7 + 9 + 3 + -5 - (3 + -4) - -59.
60
Calculate 19 + 101 - 77 - -35.
78
Calculate 11 - ((6 - (5 - -8)) + (20 - 2) - 60).
60
-10 + -1 + (151 - 162) + (37 - -1)
16
Calculate (-5 - (-19 + 7)) + (12 + -15 - 5 - -23).
22
Evaluate (21 - 0 - (-257 - -274)) + -19.
-15
What is the value of -11 + (-49 - -27 - -11)?
-22
Calculate -150 + 176 + (-13 - -4) + -1 + -29.
-13
What is the value of 122 - ((-11 - (10 + -20) - 0) + 16)?
107
Calculate (0 - 14) + 21 + -19 - (-60 + (0 - -2)).
46
1 - 57 - ((2 + 1 - -7 - 23) + 19)
-62
What is 166 + -110 - 63 - (1 - -39)?
-47
Evaluate 0 + 50 + -3 - (-5 - -2 - (-75 + 62)).
37
85 + -118 + 29 - (27 - 2)
-29
Calculate 50 + (62 - 119) - (-16 - 0) - -87.
96
What is -13 + (-1 + 3 - ((-8 - -10) + -1)) - -9?
-3
-2 - -3 - (37 + -27 + -17 + 1)
7
What is the value of -119 - (131 + -268 - -122)?
-104
(14 + -2 - (-24 - -103)) + (-18 - -21)
-64
85 + (34 + -18 - (5 + 10))
86
What is -407 + 324 + -2 + 5 + -3 + 11?
-72
What is (-10 - -7) + 51 + -392 + 380?
36
Calculate 82 + 9 + -3 + -130.
-42
(-28 - 1 - (-40 + 34)) + (-20 - -13) + 4
-26
What is 2082 - 2075 - (-57 - (3 - 1) - -3) - -2?
65
Evaluate 6 + (3 + (-1 - 0) + -2 - (114 + -50)).
-58
What is 7 + -23 + 33 - (-29 + 11)?
35
Calculate 758 + -738 + (3 - -5).
28
What is -17 + -18 + 36 + -9 - (0 - 94)?
86
What is the value of (-4 - -1 - 4) + 17 + (-4 - 0) + 19?
25
Evaluate -24 + 17 + 2 + -3 + 7 + 37.
36
Calculate (2 - (-1 + 0 + -15)) + -1559 + 1572.
31
What is the value of 10 - (-7 + (31 - (-116 + 120 + (1 - 1))))?
-10
Evaluate (-17 + 4 - -64) + -63.
-12
Calculate 15 + 0 + -46 + 101 + -50.
20
Evaluate (-11 - -23) + -9 - (-1 + 4 + -6 + 8).
-2
(-4 - (-8 - -5) - -10) + -8
1
Evaluate -61 + 177 + 35 + -74.
77
What is (-37 - (-82 + 50)) + -32?
-37
What is the value of 10137 + -10167 + 31 + (1 - 0)?
2
What is the value of -1 - (-2620 + 2630 + 1 + (-44 - 0))?
32
(16 - (-13 + -2 + 29)) + -67
-65
14 + -64 - (-2 + 28 - 6)
-70
What is the value of -31 + -91 + -13 + 225?
90
Calculate -59 + -53 + 67 - -64.
19
Calculate (-12 + 23 - (-1 + 6 + -8)) + 31.
45
(-12 - -32 - -88) + -58
50
What is the value of (3 - 14) + 5 - (168 - 212)?
38
Calculate -23 + 27 + 15 + (-19 - 18).
-18
Evaluate (1 - 1) + 0 + 1 - (-154 + (-154 - -288)).
21
What is the value of -95 - (-90 + 6 + 45)?
-56
Evaluate -4 - -31 - 22 - (92 - 123).
36
Evaluate 7 + -2 + 0 - (-105 - -44 - -77).
-11
4 - -53 - 43 - 54
-40
Evaluate (-43 - -36 - (2 - 11)) + 3 + -3 + 70.
72
Evaluate 3 + 1 - (1986 + -1988) - -58.
64
Calculate -20 + 16 - (15 + -8 + (6 - 101)).
84
61 - ((61 - 15) + -44 + 22)
37
Evaluate -95 + 93 + (71 - (-6 - (-3 + -2))) + -2.
68
What is the value of -32 + 37 - -19 - (0 + 9)?
15
What is -12 + (7 - 7) + 74 + (-114 - 11)?
-63
973 + -980 - ((4 - (3 - -2)) + (-77 - 1))
72
Evaluate 62 + -17 - (-18 + 91).
-28
Evaluate 19 + -23 + 161 + -90.
67
Evaluate -50 + (21 - -23) + -19.
-25
Evaluate -123 - (0 - 255) - 58.
74
Calculate (-32 - (77 + -55)) + -68.
-122
What is 1 + 0 + -8 - (251 - 295)?
37
Evaluate 51 + -71 + 4 + 30.
14
Evaluate -4 + (18 - (14 - (5 - -2)) - (-88 + 38)).
57
What is the value of -8958 - -8853 - (-1 - (16 - -2))?
-86
What is the value of 1 - 5 - (-13 + (-11 - -17)) - (-64 - -38)?
29
Evaluate (12 - 2) + -7 + 9 + 3 + -53.
-38
Evaluate -29 + -59 + 23 + 62.
-3
(-91 - (-108 - -14)) + (-2 - -4 - -82)
87
What is the value of 24 + -3 + 21 - (-29 + -7)?
78
What is the value of (40 - 40) + (-7 - 5 - 48)?
-60
Calculate -6 + 3 + -14 + -2 - (2434 - 2351).
-102
Evaluate 12 - (-39 + 13 + 0 - -5).
33
What is (78 - (91 + 10)) + (54 - -1)?
32
What is (-10 - (0 - -9)) + 9 + -18 + (7 - 3)?
-24
1950 + -1948 - (-1 - (3 + -1)) - 122
-117
Calculate (29 - (-4 + -3) - -13) + (-1 - (6 - 8)).
50
26 + -58 + 3 - -20
-9
-2 - (17 - 0) - (-2088 + 2058)
11
Calculate 22 - (0 + 17) - (-2 - -1 - (45 - 22)).
29
What is -330 + 376 + (12 - 4 - 15)?
39
-1 - 6 - (-10 - (-14 + 16 + -24) - 7)
-12
What is -132 + 138 + -1 + -6 + (-2 - -58 - 8)?
47
Evaluate (5 + -2 - -4) + -49 + 26 + (1 - -1).
-14
Calculate -7 - (25 - (16 - (14 - 26))).
-4
(-18 + 11 - (21 + (-14 - -54))) + 13
-55
Calculate (-5 - 4) + (7 - 2) + 54 + 10 - -5.
65
What is the value of 81 + 19 + (-28 - 9)?
63
-312 + 370 - (-2 + 92)
-32
-3 + (-2 - 8) - (15 - 0 - (-152 - -91))
-89
Evaluate (-56 - -1) + (27 + -48 + 10 - -16).
-50
Calculate 2 + -11 + 3 + (1 - 15 - (74 - 84)).
-10
Calculate -36 + -9 + -6 + (7 - (-7 - (3 - 2))).
-36
What is 34 - -80 - 44 - 118?
-48
What is (-25 + -19 - -97) + 0?
53
46 + -102 + -67 + 74
-49
-31 - (-20 - (-3 + 1 - 4))
-17
What is the value of (3 - (5 + -129 + 6)) + (7 + -12 - -9)?
125
141 + (19 - 76) - -3
87
Evaluate 48 + 24 + -88 + -11.
-27
What is the value of 64 - 1 - (18 + (-28 - -18) - -16 - 19)?
58
-45 + 14 + -8 - (-21 - 100)
82
Calculate (12 + -6 + -3 - 4) + (-16 - 25).
-42
Evaluate (45 - 3) + -51 - (4 - -2) - (3 - -4).
-22
Calculate (35 - 5 - 20) + -10 - 7.
-7
What is the value of (-5 - -1) + (-1 - 6) + -6 + -75?
-92
What is 1 + 91 + -13 + 3 - 6?
76
Evaluate 1893 + -1764 - (35 - 2).
96
Evaluate -10 - (-7 + -15 - -19).
-7
Calculate 18 - (6 + 10) - (83 + (5 - 10)).
-76
What is -39 + 63 + (6 + -3 - -13 - 22)?
18
Evaluate 2 + -1 + 10 - (-2 - -36 - -9).
-32
What is 54 + -29 - 18 - 10 - (1 + -2)?
-2
Calculate (26 - -1 - (-21 + 3 - -27)) + 34.
52
0 + 71 - (620 - 459)
-90
What is (-41 - -17) + 0 - (-6 + -31)?
13
What is the value of -144 - (83 - 517) - 168?
122
What is the value of -11 + 27 + -16 + 2 + 7 + 0 + -106?
-97
Calculate 17 - (27 + 16 + -5) - -76 - 13.
42
What is (-6 - (21 + -3)) + (-1 - 6) + 6?
-25
What is (-26 - (20 + -13)) + -8 + 4?
-37
What is the value of 74 + 98 - 107 - -54?
119
Calculate -7 - -13 - (2 + -4 + 45 + 4).
-41
0 + -13 + -2 + 0 + -14 + -199 + 207
-21
Evaluate (-129 - -120) + 0 + (4 + -8 - 1).
-14
What is -18 - ((-11 + 22 - -3) + -95)?
63
Evaluate (-27 - (-56 + 53)) + 64.
40
Calculate (-1558 - -1602) + (-97 - 3).
-56
Calculate (3 - 5) + 10 + (-29 - -29) + -17.
-9
What is the value of -14 - 2 - (-109 + (-18 - (11 - 43)))?
79
Evaluate 113 + -196 + 82 + (-6 - (-2 - -2)).
-7
Calculate 33 - 1 - (5186 + -5159).
5
-192 + -44 + 101 + 25
-110
15 + 22 - (20 + 62 + -16)
-29
11 + (0 - 5) - (-6 + 17) - -65
60
What is the value of 14 + (-1 - (4 - 1)) - (-7 - (7 - 78))?
-54
What is the value of -20 + -45 - -75 - 41?
-31
What is -21 - -24 - (24 + 3 - 8)?
-16
73 - (-2 + 87 + -60)
48
What is (-12 + -6 - (-97 - -78)) + 18?
19
What is the value of (-22 - 5) + (53 - 9) - -5?
22
-118 - 64 - 77 - -133
-126
What is -31 